579.
1379
What is the remainder when 81891710 is divided by 417?
416
Calculate the remainder when 64731 is divided by 3749.
998
What is the remainder when 4210607 is divided by 425?
132
Calculate the remainder when 612672 is divided by 153164.
16
Calculate the remainder when 982430 is divided by 3221.
25
What is the remainder when 22269 is divided by 2781?
21
What is the remainder when 292224 is divided by 640?
384
What is the remainder when 68783 is divided by 865?
448
What is the remainder when 662693 is divided by 6014?
1153
Calculate the remainder when 11306023 is divided by 1413250.
23
Calculate the remainder when 11310 is divided by 323.
5
What is the remainder when 6958312 is divided by 2052?
2032
Calculate the remainder when 477259 is divided by 5820.
19
What is the remainder when 1286643 is divided by 7352?
43
What is the remainder when 47011 is divided by 2158?
1693
What is the remainder when 10344 is divided by 3096?
1056
Calculate the remainder when 19539 is divided by 2204.
1907
What is the remainder when 29791 is divided by 2318?
1975
Calculate the remainder when 20899653 is divided by 5224911.
9
What is the remainder when 3340378 is divided by 70?
48
What is the remainder when 30445462 is divided by 2859?
2830
What is the remainder when 1379485 is divided by 275886?
55
Calculate the remainder when 1937931 is divided by 53.
39
Calculate the remainder when 28132 is divided by 28107.
25
Calculate the remainder when 11887160 is divided by 11887142.
18
Calculate the remainder when 1662698 is divided by 1786.
1718
Calculate the remainder when 193907 is divided by 1537.
245
What is the remainder when 18182942 is divided by 39357?
8
What is the remainder when 2526449 is divided by 1611?
401
Calculate the remainder when 22370 is divided by 2172.
650
What is the remainder when 7496 is divided by 4821?
2675
Calculate the remainder when 112727 is divided by 200.
127
What is the remainder when 555319 is divided by 262?
141
Calculate the remainder when 17723210 is divided by 194.
146
Calculate the remainder when 343104100 is divided by 937.
936
What is the remainder when 1447961 is divided by 142?
129
Calculate the remainder when 74855 is divided by 489.
38
Calculate the remainder when 41320490 is divided by 123.
116
Calculate the remainder when 1366697 is divided by 170836.
9
What is the remainder when 60064 is divided by 201?
166
Calculate the remainder when 247044917 is divided by 998.
995
Calculate the remainder when 36209 is divided by 36204.
5
Calculate the remainder when 469689 is divided by 513.
294
What is the remainder when 541909 is divided by 25804?
25
What is the remainder when 2156752 is divided by 66?
4
What is the remainder when 66774 is divided by 18?
12
What is the remainder when 51337 is divided by 50788?
549
What is the remainder when 11475 is divided by 2740?
515
Calculate the remainder when 1399140180 is divided by 3667.
3664
What is the remainder when 3283395 is divided by 8009?
7714
What is the remainder when 353452 is divided by 12?
4
Calculate the remainder when 4792676 is divided by 399388.
20
Calculate the remainder when 135340120 is divided by 1428.
1420
What is the remainder when 4002687 is divided by 1566?
1557
Calculate the remainder when 553740 is divided by 184577.
9
What is the remainder when 1777753 is divided by 888851?
51
Calculate the remainder when 2122691 is divided by 303195.
326
What is the remainder when 8568 is divided by 7530?
1038
Calculate the remainder when 320167 is divided by 106715.
22
What is the remainder when 3762169 is divided by 10390?
989
What is the remainder when 14783167 is divided by 2956625?
42
Calculate the remainder when 3843098 is divided by 4991.
28
Calculate the remainder when 30828 is divided by 7062.
2580
Calculate the remainder when 192299331 is divided by 50.
31
What is the remainder when 116333103 is divided by 58166537?
29
What is the remainder when 25807563 is divided by 4575?
4563
What is the remainder when 84518 is divided by 43?
23
What is the remainder when 1958805 is divided by 78?
69
Calculate the remainder when 824157 is divided by 34.
31
Calculate the remainder when 68283 is divided by 1630.
1453
Calculate the remainder when 630378 is divided by 30010.
168
What is the remainder when 285511 is divided by 7?
2
Calculate the remainder when 7805952 is divided by 2601979.
15
Calculate the remainder when 25211355 is divided by 131.
12
What is the remainder when 38641038 is divided by 336009?
3
What is the remainder when 31889231 is divided by 142?
7
Calculate the remainder when 323989 is divided by 15428.
1
What is the remainder when 17860217 is divided by 170?
17
What is the remainder when 2344952 is divided by 175?
127
What is the remainder when 1323050 is divided by 147?
50
Calculate the remainder when 23969847 is divided by 1994.
1967
What is the remainder when 7271554 is divided by 50?
4
Calculate the remainder when 177488472 is divided by 50.
22
What is the remainder when 1220099 is divided by 13?
10
Calculate the remainder when 232125470 is divided by 1616.
1614
What is the remainder when 6100192 is divided by 3655?
3652
Calculate the remainder when 88005986 is divided by 1189270.
6
Calculate the remainder when 597802 is divided by 270.
22
What is the remainder when 19167186 is divided by 594?
588
Calculate the remainder when 10005306 is divided by 2580.
66
What is the remainder when 603645 is divided by 1468?
297
Calculate the remainder when 11638979 is divided by 515.
494
Calculate the remainder when 171018 is divided by 1943.
34
Calculate the remainder when 14707 is divided by 815.
37
Calculate the remainder when 5786289 is divided by 525980.
509
What is the remainder when 13277021 is divided by 21?
2
What is the remainder when 77408051 is divided by 934?
933
Calculate the remainder when 1927797 is divided by 275387.
88
Calculate the remainder when 4645070 is divided by 302.
8
Calculate the remainder when 16337084 is divided by 24.
20
What is the remainder when 2228123 is divided by 1058?
1033
Calculate the remainder when 5590806 is divided by 136.
118
What is the remainder when 18453800 is divided by 53?
48
What is the remainder when 1000697 is divided by 1699?
1685
What is the remainder when 172172 is divided by 86030?
112
Calculate the remainder when 13021 is divided by 3371.
2908
Calculate the remainder when 1041354 is divided by 173503.
336
What is the remainder when 401743795 is divided by 30?
25
Calculate the remainder when 55833 is divided by 52189.
3644
What is the remainder when 3115698 is divided by 311568?
18
What is the remainder when 2329475 is divided by 2353?
5
What is the remainder when 235388669 is divided by 110?
109
Calculate the remainder when 7030363 is divided by 316.
311
Calculate the remainder when 135413 is divided by 3472.
5
Calculate the remainder when 4999157 is divided by 18.
17
Calculate the remainder when 775271 is divided by 2943.
1262
What is the remainder when 13812556 is divided by 575523?
4
What is the remainder when 1023877 is divided by 511701?
475
What is the remainder when 23511456 is divided by 4114?
4060
What is the remainder when 3370840 is divided by 593?
228
What is the remainder when 901747 is divided by 8966?
5147
What is the remainder when 20652474 is divided by 10280?
10234
What is the remainder when 4019714 is divided by 486?
8
What is the remainder when 237826979 is divided by 7740?
7739
Calculate the remainder when 256571 is divided by 8130.
4541
Calculate the remainder when 7505609 is divided by 10129.
20
What is the remainder when 1003283 is divided by 360?
323
What is the remainder when 39537959 is divided by 19768954?
51
Calculate the remainder when 1249638 is divided by 138836.
114
What is the remainder when 10748502 is divided by 85?
82
What is the remainder when 15084489 is divided by 89?
57
What is the remainder when 128010 is divided by 24869?
3665
Calculate the remainder when 14032779 is divided by 7016385.
9
What is the remainder when 98901 is divided by 3683?
3143
Calculate the remainder when 8474935 is divided by 49.
42
Calculate the remainder when 1633532 is divided by 1850.
1832
Calculate the remainder when 3541876 is divided by 31.
2
Calculate the remainder when 1409320 is divided by 